. What are the prime factors of u(4)?
2, 127
Suppose -4*i - 5*f = -10*f - 9345, f + 9341 = 4*i. List the prime factors of i.
5, 467
Let g be 316/28 - 2/7. Let h = g - 9. Suppose -h*t + 40 = -26. What are the prime factors of t?
3, 11
Let f(d) be the first derivative of d**3/3 + 7*d**2/2 - 12*d - 22. What are the prime factors of f(-15)?
2, 3
List the prime factors of 8 + 924/(-114) + 90216/38.
2, 1187
Suppose 4*t + 54 = 5*t. Suppose -4*l = 30 + t. Let i = l + 39. What are the prime factors of i?
2, 3
Let o(n) = -8*n - 11. Suppose -u + 0*p + 4*p = 18, -p = u + 3. Let d be o(u). Suppose 316 = 5*a - z, 2*a - 71 = 5*z + d. List the prime factors of a.
2
Let f = -2014 + 4052. List the prime factors of f.
2, 1019
List the prime factors of ((-43)/(-2))/((-3)/12*-2).
43
Suppose -s = s - 5*g + 3, -g = -3. Suppose 3*t - 244 = 5*u, 3*t - 3*u = s*t - 204. What are the prime factors of t?
73
Suppose 72*h - 20*h - 32396 = 0. What are the prime factors of h?
7, 89
Suppose -23319 = -302*y + 293*y. What are the prime factors of y?
2591
Suppose -63 = 5*g + 2*k, -g + 6*g - k = -51. Let x(o) = -6*o + 16. List the prime factors of x(g).
2, 41
Suppose 5*d + 11 = -4, -573 = -3*c - 5*d. What are the prime factors of c?
2, 7
Let z(a) be the first derivative of 16*a - 2*a**2 - a + 5 - 3*a. List the prime factors of z(-10).
2, 13
Let f = -946 - -2269. What are the prime factors of f?
3, 7
Suppose 4*z + 4*m + 32 = 0, 0*m + 4*m - 40 = 5*z. List the prime factors of 137/4 + (-6)/z.
5, 7
Let g(t) = 11*t**2 + 15*t + 10. List the prime factors of g(-14).
2, 3, 163
Let l = 308 - -67. List the prime factors of l.
3, 5
Suppose -523 = -15*c + 14*c. What are the prime factors of c?
523
Let v(h) be the first derivative of h**4/6 + 4*h**3/3 - 3*h**2 - 9*h + 1. Let a(q) be the first derivative of v(q). What are the prime factors of a(-8)?
2, 29
Suppose 4*z - 931 = 989. What are the prime factors of z?
2, 3, 5
Suppose 74*u - 93*u = -54872. List the prime factors of u.
2, 19
Let q(g) = -18*g**2 - g. Let j be q(-1). Let a = j + 24. Suppose 0 = -3*b + a*b - 148. What are the prime factors of b?
37
Suppose 6 = 4*a - 2*a. Suppose 4*b + 17 = -5*y, 4*y + b = -0*b - 7. Let g = a - y. What are the prime factors of g?
2
Let n(u) = 335*u - 1 - 340*u + 5 + 8*u**2. List the prime factors of n(3).
61
Let l = 41 + -60. Let y = l - -24. Suppose n - 48 = 3*p, y*n - 2*n = p + 152. What are the prime factors of n?
3, 17
Suppose 5*k + 4*w - 6555 = 0, -k + 3936 = 2*k + 3*w. List the prime factors of k.
1307
What are the prime factors of -1*(0 + -2 - -4) + 783?
11, 71
Let x(q) = -q**3 + 8*q**2 - 6*q - 3. Let c be x(7). Suppose -2*m + 56 = 2*g + 2*m, 0 = c*g + 3*m - 97. List the prime factors of 1 - (-3)/(3/g).
23
Let l = 2243 + -1295. List the prime factors of l.
2, 3, 79
Let g be (451 - (-2 + -2)) + (3 - 6). Suppose 0 = -5*p + 528 + g. What are the prime factors of p?
2, 7
Suppose 0 = 3*d - 3202 - 233. What are the prime factors of d?
5, 229
Suppose -h + 5 = -1. Suppose -d - 55 = -x - h*d, x = 4*d + 73. Suppose -x = -3*p - 2*p. List the prime factors of p.
13
Let q = -3 + 1. Let x(u) = -u**3 - u**2 + 4*u + 3. Let s be x(-2). List the prime factors of q - (-17 - -2) - s.
2, 7
Let b = -7981 + 11262. List the prime factors of b.
17, 193
Suppose 2*y + 10 = -2. What are the prime factors of ((-93)/y)/(5/10)?
31
Let x = 1547 + 4299. What are the prime factors of x?
2, 37, 79
Suppose -323 = -u - 3*f, 754 = 3*u - 3*f - 203. Suppose 2*t - u = 2*k + 4*t, -2*t - 475 = 3*k. List the prime factors of (-4)/(-24) - k/6.
2, 13
Suppose 4*j - 28 = 2*o + 2*o, o = 3*j - 15. Let y(u) = u**3 + u**2 + u. What are the prime factors of y(j)?
2, 3, 7
Suppose -111*p + 112*p - 310 = 0. What are the prime factors of p?
2, 5, 31
Suppose 3*s = 5*r - 3095, 1264 = 2*r - 0*s + 4*s. List the prime factors of r.
2, 311
Let x be 1675/15 + (-6)/9. Let w = x + -20. List the prime factors of w.
7, 13
Let b(y) = -y**3 + 7*y**2 + 4*y - 53. List the prime factors of b(5).
17
Let d = 26 + 23. List the prime factors of (-1033)/(-7) + 21/d.
2, 37
Let w be (-340)/(9 - 5) - -1. What are the prime factors of w*(-1 + (3/9 - 2))?
2, 7
Suppose 6*k - 2182 = 338. List the prime factors of (k - 2)/(3 - 0 - 1).
11, 19
Suppose 63 = d - 2*m - 2011, 0 = 2*d + 3*m - 4155. List the prime factors of d.
2, 3, 173
Let x(r) = -3 + 0*r - 1 - 2 - r. Let m be x(-9). Suppose -40 - 11 = -m*o. What are the prime factors of o?
17
Let c be (20 - 21)/((-1)/9). Suppose s + c - 74 = 0. Suppose -3*z = -s - 31. What are the prime factors of z?
2
Suppose -33*q + 36*q - 288 = 0. Let a = q - 58. List the prime factors of a.
2, 19
Suppose -5159 = -5*m - 2169. List the prime factors of m.
2, 13, 23
Suppose 3474 = 139*j - 133*j. List the prime factors of j.
3, 193
Suppose -v + z - 7 = -4*v, 0 = -5*z - 10. Suppose 27 + v = 2*w - a, 0 = 2*a. Suppose -5*j = 15, 3*f - 2*j - w = -3*j. What are the prime factors of f?
2, 3
Let b(k) = k + 18. Let p be b(-20). What are the prime factors of p*1/(-1) + 114?
2, 29
Suppose 2*h + 2*z = 16, 3*h + 3*z = 4*z + 12. Suppose -4*w - 332 = -3*x - 0*w, -4*w - 548 = -h*x. What are the prime factors of x?
2, 3
Suppose 0*a = -5*a + 675. Let i = 81 - a. Let v = i + 79. List the prime factors of v.
5
Let n = -23 - -19. List the prime factors of ((-4)/(-16)*4)/(n/(-124)).
31
List the prime factors of (-8)/(-76) + 495/171 - -1077.
2, 3, 5
Let n(h) = -h - 5. Let y be n(-8). List the prime factors of 1 - (3 - y) - -38.
3, 13
Let a = -14 - 30. Let o = 104 - a. List the prime factors of o.
2, 37
Let q = 82 - 25. List the prime factors of q.
3, 19
Let v(b) = 4*b**3 - 3*b**2 + 11*b + 9. List the prime factors of v(4).
3, 29
List the prime factors of 24/168 + 8987/7.
2, 3, 107
Let n(c) be the third derivative of -c**6/120 + 11*c**5/60 - c**4/6 + 5*c**3/6 + 13*c**2. List the prime factors of n(6).
7, 23
Let u(m) = -9*m - 41. List the prime factors of u(-7).
2, 11
Suppose y + 1 = 0, 3*t - 4*y - 4120 = -0*y. List the prime factors of t.
2, 7
Let j(s) = -8*s + 27. Let m be j(-11). Suppose 2*p = -y + 5*y + 90, -y - m = -3*p. List the prime factors of p.
37
Suppose -3*g + 428 - 32 = 0. What are the prime factors of g?
2, 3, 11
Let j be (1 - 2)*2*6. Let s = 46 - 14. Let n = s + j. What are the prime factors of n?
2, 5
Suppose 2*a - 2*x + 72 - 4476 = 0, 3*a + 2*x - 6631 = 0. What are the prime factors of a?
2207
Let y = 1500 + -1005. What are the prime factors of y?
3, 5, 11
Suppose -5*k + 0*k + 150 = 0. Let y be 1/(2/k) + -1. Let h = 50 - y. What are the prime factors of h?
2, 3
Let h = 707 + -244. What are the prime factors of h?
463
Let n(g) = 79*g + 32. Let p be n(13). Suppose h - p = -5*w, 2*w + 5*h - 231 = w. List the prime factors of w.
211
Suppose 5*u + 1525 = 5*t, -t + 2*u = 6*u - 290. List the prime factors of t.
2, 151
Suppose -2456 = -2*v + 2*l, -l - 2597 - 1089 = -3*v. What are the prime factors of v?
1229
Suppose -3325 + 14380 = 5*v + 4*o, 4*o = 4*v - 8844. List the prime factors of v.
3, 11, 67
Suppose 5*s + 71*n - 3211 = 75*n, -3*s - 2*n = -1909. List the prime factors of s.
3, 71
Let m(f) = -f**2 + 14*f + 3. Let v be m(14). Let a be 58/6*v - -3. Suppose 5*b - 38 = -t, a = 5*b + t + 3*t. List the prime factors of b.
2
Let l be (2/3)/(2/6). Let m(j) = -4*j**3 + 82*j**2 - 39*j - 18. Let f be m(20). Suppose -216 = -4*g + 2*a, -a + l = -f. What are the prime factors of g?
2, 7
Suppose 0 = b + 2*b - 3. Let s be b + 0 + -3 - -1. What are the prime factors of (-2 - -7)*2 + s?
3
Let o(b) = 2*b - 2. Suppose -k + 4 = -4. List the prime factors of o(k).
2, 7
Suppose -5*y - 4*q = -11929, 4*y + 5*q = -2299 + 11835. List the prime factors of y.
2389
Let v(t) be the first derivative of -9*t**2/2 + 2. Let a = -18 - -17. What are the prime factors of v(a)?
3
Let t(l) = l**3 - 11*l**2 - 10*l - 51. Let o be t(13). Let u = 264 - o. What are the prime factors of u?
107
Suppose 2*u + 3*h = 127, -h - 194 = -3*u - 2*h. Suppose u + 25 = 5*x. List the prime factors of x.
2, 3
Suppose 0 = 5*c - 5, -j + 669 + 145 = c. List the prime factors of j.
3, 271
List the prime factors of (738/8 + -6)*(16 + -8).
2, 3, 5, 23
Let x be (-3)/(3/(-16)*2). List the prime factors of x/3*(1 - -23).
2
Let a be (-223)/(-2) + 13/26. Suppose x - a = -z, z + 8 = -3*x + 118. List the prime factors of z.
113
Sup